
What is the hundreds digit of 1006136034?
0
What is the ten thousands digit of 1389486188?
8
What is the millions digit of 1055896459?
5
What is the units digit of 166909515?
5
What is the units digit of 4178746094?
4
What is the hundred millions digit of 1830573417?
8
What is the thousands digit of 136853751?
3
What is the hundred millions digit of 5511351488?
5
What is the thousands digit of 191872877?
2
What is the hundred millions digit of 200823590?
2
What is the ten thousands digit of 8594611?
9
What is the hundred millions digit of 191766968?
1
What is the hundred thousands digit of 40363160?
3
What is the hundreds digit of 971620511?
5
What is the units digit of 5319092635?
5
What is the ten millions digit of 46712930?
4
What is the ten thousands digit of 54391214?
9
What is the hundred millions digit of 217726051?
2
What is the ten thousands digit of 153665228?
6
What is the thousands digit of 302776962?
6
What is the hundreds digit of 1061601988?
9
What is the units digit of 180861603?
3
What is the hundreds digit of 670666762?
7
What is the hundreds digit of 297420478?
4
What is the hundred thousands digit of 547567785?
5
What is the tens digit of 287049813?
1
What is the hundred thousands digit of 11804182?
8
What is the tens digit of 301085215?
1
What is the ten thousands digit of 415530094?
3
What is the units digit of 19970278?
8
What is the tens digit of 625096658?
5
What is the tens digit of 45469696?
9
What is the hundred millions digit of 2503345712?
5
What is the hundred thousands digit of 37110210?
1
What is the ten thousands digit of 162722483?
2
What is the billions digit of 5690588094?
5
What is the ten thousands digit of 458838714?
3
What is the millions digit of 320458825?
0
What is the ten thousands digit of 69131643?
3
What is the ten millions digit of 3020296170?
2
What is the tens digit of 398777081?
8
What is the ten millions digit of 43075022?
4
What is the tens digit of 122419715?
1
What is the millions digit of 873571192?
3
What is the units digit of 31744201?
1
What is the hundred millions digit of 748134788?
7
What is the ten millions digit of 5861858804?
6
What is the ten thousands digit of 1305196?
0
What is the units digit of 60650434?
4
What is the hundreds digit of 16071065?
0
What is the millions digit of 360062918?
0
What is the ten thousands digit of 83098709?
9
What is the millions digit of 447869631?
7
What is the hundred millions digit of 2474693398?
4
What is the hundred thousands digit of 18362572?
3
What is the ten thousands digit of 50087346?
8
What is the tens digit of 739432817?
1
What is the thousands digit of 192677371?
7
What is the hundred thousands digit of 51127052?
1
What is the tens digit of 33813428?
2
What is the units digit of 64214394?
4
What is the millions digit of 84703307?
4
What is the hundreds digit of 124412750?
7
What is the hundred millions digit of 775788847?
7
What is the units digit of 21246814?
4
What is the millions digit of 606957373?
6
What is the units digit of 146759701?
1
What is the ten thousands digit of 353806014?
0
What is the units digit of 3193336609?
9
What is the hundreds digit of 6321368?
3
What is the ten millions digit of 4069104807?
6
What is the tens digit of 1511783179?
7
What is the tens digit of 118949551?
5
What is the tens digit of 1473690070?
7
What is the thousands digit of 8428271357?
1
What is the ten thousands digit of 1366701939?
0
What is the tens digit of 287854880?
8
What is the hundreds digit of 82127649?
6
What is the thousands digit of 65965021?
5
What is the units digit of 2333407321?
1
What is the hundreds digit of 1119485063?
0
What is the thousands digit of 408971709?
1
What is the ten millions digit of 193379818?
9
What is the hundreds digit of 19234092?
0
What is the hundred thousands digit of 70780451?
7
What is the tens digit of 112426842?
4
What is the ten millions digit of 953767732?
5
What is the units digit of 10978186?
6
What is the millions digit of 20690981?
0
What is the tens digit of 2002706057?
5
What is the tens digit of 486674009?
0
What is the hundreds digit of 2630672419?
4
What is the tens digit of 47334725?
2
What is the billions digit of 1209843626?
1
What is the ten millions digit of 65232902?
6
What is the tens digit of 24302444?
4
What is the ten millions digit of 66274224?
6
What is the hundreds digit of 52467315?
3
What is the tens digit of 19633940?
4
What is the thousands digit of 291201804?
1
What is the ten millions digit of 908366329?
0
What is the ten millions digit of 92997569?
9
What is the hundred millions digit of 3152672453?
1
What is the ten thousands digit of 44787678?
8
What is the hundred millions digit of 206168924?
2
What is the hundreds digit of 14337289?
2
What is the ten thousands digit of 176643622?
4
What is the tens digit of 6558488?
8
What is the hundreds digit of 722262915?
9
What is the units digit of 108752578?
8
What is the tens digit of 155035835?
3
What is the units digit of 296166613?
3
What is the millions digit of 2228359910?
8
What is the tens digit of 5517106?
0
What is the thousands digit of 2440284464?
4
What is the ten thousands digit of 618483?
1
What is the billions digit of 1155466601?
1
What is the hundred thousands digit of 1664440485?
4
What is the hundreds digit of 34904190?
1
What is the thousands digit of 243433862?
3
What is the tens digit of 676898408?
0
What is the hundreds digit of 53351916?
9
What is the billions digit of 3372518305?
3
What is the hundreds digit of 453952382?
3
What is the tens digit of 143208630?
3
What is the hundreds digit of 51237736?
7
What is the millions digit of 196844031?
6
What is the hundreds digit of 2299922943?
9
What is the ten millions digit of 44743556?
4
What is the hundred thousands digit of 848522021?
5
What is the hundred millions digit of 229600624?
2
What is the ten thousands digit of 297792221?
9
What is the ten millions digit of 67732558?
6
What is the hundred millions digit of 3904203167?
9
What is the units digit of 67304124?
4
What is the tens digit of 75397462?
6
What is the tens digit of 33430514?
1
What is the ten thousands digit of 58476407?
7
What is the millions digit of 52837590?
2
What is the thousands digit of 6154553724?
3
What is the ten millions digit of 823049039?
2
What is the thousands digit of 164044438?
4
What is the millions digit of 5627249568?
7
What is the units digit of 47971715?
5
What is the tens digit of 4566679580?
8
What is the hundred millions digit of 3988221748?
9
What is the tens digit of 46125954?
5
What is the hundred millions digit of 1444238701?
4
What is the tens digit of 228949085?
8
What is the hundreds digit of 67657374?
3
What is the hundreds digit of 672795125?
1
What is the ten millions digit of 1050260828?
5
What is the ten thousands digit of 32476428?
7
What is the units digit of 1133777420?
0
What is the tens digit of 28057879?
7
What is the hundreds digit of 207961677?
6
What is the hundred thousands digit of 678181436?
1
What is the hundreds digit of 16422233?
2
What is the ten thousands digit of 2967611799?
1
What is the hundred millions digit of 3401764272?
4
What is the hundred thousands digit of 93054257?
0
What is the tens digit of 135805390?
9
What is the units digit of 154050420?
0
What is the millions digit of 38383767?
8
What is the thousands digit of 1060623584?
3
What is the thousands digit of 2602615968?
5
What is the hundreds digit of 15802590?
5
What is the thousands digit of 489560584?
0
What is the thousands digit of 134293980?
3
What is the hundred millions digit of 1117999476?
1
What is the thousands digit of 54047568?
7
What is the units digit of 4226244619?
9
What is the ten thousands digit of 337628997?
2
What is the tens digit of 1632466?
6
What is the tens digit of 192479783?
8
What is the thousands digit of 318635839?
5
What is the units digit of 550724996?
6
What is the hundred millions digit of 228486737?
2
What is the hundred millions digit of 1785115625?
7
What is the hundred thousands digit of 121312565?
3
What is the units digit of 51342801?
1
What is the hundreds digit of 316434292?
2
What is the units digit of 1142218135?
5
What is the thousands digit of 2413922226?
2
What is the hundred thousands digit of 8240868949?
8
What